f 1070.
2, 5, 107
List the prime factors of 37180.
2, 5, 11, 13
What are the prime factors of 6678?
2, 3, 7, 53
List the prime factors of 26408.
2, 3301
List the prime factors of 19491.
3, 73, 89
List the prime factors of 19641.
3, 6547
List the prime factors of 163998.
2, 3, 3037
List the prime factors of 1152.
2, 3
What are the prime factors of 186099?
3, 17, 41, 89
List the prime factors of 23343.
3, 31, 251
What are the prime factors of 130889?
11, 73, 163
What are the prime factors of 42409?
42409
What are the prime factors of 906?
2, 3, 151
What are the prime factors of 12981?
3, 4327
List the prime factors of 31.
31
What are the prime factors of 37218?
2, 3, 6203
What are the prime factors of 8720?
2, 5, 109
List the prime factors of 2009.
7, 41
List the prime factors of 2448.
2, 3, 17
What are the prime factors of 41624?
2, 11, 43
List the prime factors of 48954.
2, 3, 41, 199
What are the prime factors of 1374?
2, 3, 229
List the prime factors of 9621.
3, 1069
List the prime factors of 16297.
43, 379
List the prime factors of 151160.
2, 5, 3779
What are the prime factors of 5486?
2, 13, 211
What are the prime factors of 1204?
2, 7, 43
List the prime factors of 49150.
2, 5, 983
What are the prime factors of 8712?
2, 3, 11
What are the prime factors of 3391?
3391
What are the prime factors of 18840?
2, 3, 5, 157
List the prime factors of 7713.
3, 857
List the prime factors of 21810.
2, 3, 5, 727
What are the prime factors of 1778?
2, 7, 127
List the prime factors of 69.
3, 23
What are the prime factors of 4841?
47, 103
What are the prime factors of 4937?
4937
List the prime factors of 43818.
2, 3, 67, 109
List the prime factors of 874.
2, 19, 23
List the prime factors of 3955.
5, 7, 113
What are the prime factors of 7122?
2, 3, 1187
What are the prime factors of 850?
2, 5, 17
What are the prime factors of 40737?
3, 37, 367
What are the prime factors of 3365?
5, 673
What are the prime factors of 48411?
3, 11, 163
What are the prime factors of 1942?
2, 971
List the prime factors of 381.
3, 127
What are the prime factors of 2179?
2179
List the prime factors of 3287.
19, 173
What are the prime factors of 3103?
29, 107
List the prime factors of 23411.
41, 571
What are the prime factors of 20874?
2, 3, 7, 71
What are the prime factors of 52311?
3, 7, 47, 53
What are the prime factors of 2110?
2, 5, 211
What are the prime factors of 10885?
5, 7, 311
What are the prime factors of 711?
3, 79
List the prime factors of 1747.
1747
What are the prime factors of 30570?
2, 3, 5, 1019
What are the prime factors of 87?
3, 29
List the prime factors of 199892.
2, 7, 11, 59
What are the prime factors of 75208?
2, 7, 17, 79
List the prime factors of 129876.
2, 3, 79, 137
List the prime factors of 88.
2, 11
List the prime factors of 1074.
2, 3, 179
List the prime factors of 3857.
7, 19, 29
List the prime factors of 1724.
2, 431
List the prime factors of 1175.
5, 47
What are the prime factors of 24685?
5, 4937
List the prime factors of 143.
11, 13
What are the prime factors of 27626?
2, 19, 727
What are the prime factors of 4153?
4153
List the prime factors of 56925.
3, 5, 11, 23
List the prime factors of 102698.
2, 51349
List the prime factors of 679.
7, 97
List the prime factors of 26902.
2, 13451
List the prime factors of 38104.
2, 11, 433
What are the prime factors of 173211?
3, 57737
List the prime factors of 916.
2, 229
What are the prime factors of 7045?
5, 1409
List the prime factors of 2422.
2, 7, 173
List the prime factors of 70626.
2, 3, 79, 149
What are the prime factors of 79114?
2, 7, 5651
List the prime factors of 1317.
3, 439
What are the prime factors of 323?
17, 19
List the prime factors of 1111.
11, 101
What are the prime factors of 168?
2, 3, 7
List the prime factors of 1853.
17, 109
What are the prime factors of 108215?
5, 23, 941
List the prime factors of 54678.
2, 3, 13, 701
List the prime factors of 389.
389
List the prime factors of 799.
17, 47
List the prime factors of 113.
113
What are the prime factors of 16570?
2, 5, 1657
What are the prime factors of 13725?
3, 5, 61
List the prime factors of 1626.
2, 3, 271
What are the prime factors of 1756?
2, 439
List the prime factors of 3995.
5, 17, 47
What are the prime factors of 157?
157
List the prime factors of 20808.
2, 3, 17
List the prime factors of 731.
17, 43
What are the prime factors of 14846?
2, 13, 571
What are the prime factors of 15982?
2, 61, 131
List the prime factors of 839.
839
What are the prime factors of 76773?
3, 157, 163
List the prime factors of 56919.
3, 18973
List the prime factors of 74177.
74177
List the prime factors of 484.
2, 11
List the prime factors of 2087.
2087
List the prime factors of 13059.
3, 1451
What are the prime factors of 5688?
2, 3, 79
What are the prime factors of 112743?
3, 12527
What are the prime factors of 1597?
1597
List the prime factors of 2482.
2, 17, 73
List the prime factors of 15546.
2, 3, 2591
What are the prime factors of 1330?
2, 5, 7, 19
List the prime factors of 11151.
3, 7, 59
List the prime factors of 4471.
17, 263
List the prime factors of 48843.
3, 67
List the prime factors of 13154.
2, 6577
List the prime factors of 1564.
2, 17, 23
List the prime factors of 14581.
7, 2083
List the prime factors of 860.
2, 5, 43
What are the prime factors of 1076?
2, 269
List the prime factors of 42.
2, 3, 7
List the prime factors of 16238.
2, 23, 353
List the prime factors of 2158.
2, 13, 83
What are the prime factors of 369?
3, 41
What are the prime factors of 5869?
5869
List the prime factors of 50711.
17, 19, 157
List the prime factors of 7392.
2, 3, 7, 11
What are the prime factors of 3438?
2, 3, 191
What are the prime factors of 35202?
2, 3, 5867
What are the prime factors of 13419?
3, 7, 71
What are the prime factors of 136543?
11, 12413
What are the prime factors of 2920?
2, 5, 73
What are the prime factors of 1032?
2, 3, 43
What are the prime factors of 95421?
3, 17, 1871
What are the prime factors of 12505?
5, 41, 61
List the prime factors of 81577.
29, 97
What are the prime factors of 633?
3, 211
List the prime factors of 43496.
2, 5437
What are the prime factors of 114615?
3, 5, 283
List the prime factors of 107351.
107351
List the prime factors of 766.
2, 383
List the prime factors of 65662.
2, 32831
What are the prime factors of 1071?
3, 7, 17
List the prime factors of 11262.
2, 3, 1877
What are the prime factors of 6206?
2, 29, 107
List the prime factors of 3096.
2, 3, 43
List the prime factors of 2472.
2, 3, 103
What are the prime factors of 39651?
3, 13217
What are the prime factors of 970?
2, 5, 97
What are the prime factors of 789?
3, 263
What are the prime factors of 25466?
2, 7, 17, 107
List the prime factors of 3155.
5, 631
List the prime factors of 37151.
97, 383
List the prime factors of 270.
2, 3, 5
What are the prime factors of 10334?
2, 5167
List the prime factors of 22755.
3, 5, 37, 41
List the prime factors of 826.
2, 7, 59
What are the prime factors of 890?
2, 5, 89
List the prime factors of 13377.
3, 7, 13
What are the prime factors of 2468?
2, 617
What are the prime factors of 2921?
23, 127
What are the prime factors of 4924?
2, 1231
What are the prime factors of 4646?
2, 23, 101
List the prime factors of 10.
2, 5
What are the prime factors of 374?
2, 11, 17
What are the prime factors of 7551?
3, 839
List the prime factors of 5948.
2, 1487
What are the prime factors of 18334?
2, 89, 103
List the prime factors of 10279.
19, 541
List the prime factors of 3178.
2, 7, 227
List the prime factors of 49497.
3, 7, 2357
List the prime factors of 5597.
29, 193
What are the prime factors of 1025?
5, 41
List the prime factors of 12821.
12821
List the prime factors of 62946.
2, 3, 13, 269
List the prime factors of 19687.
19687
What are the prime factors of 32583?
3, 10861
What are the prime factors of 1253?
7, 179
What are the prime factors of 65912?
2, 7, 11, 107
What are the prime factors of 29718?
2, 3, 13, 127
What are the prime factors of 3330?
2, 3, 5, 37
List the prime factors of 240.
2, 3, 5
What are the prime factors of 9102?
2, 3, 37, 41
List the prime factors of 805.
5, 7, 23
What are the prime factors of 110612?
2, 27653
List the prime factors of 9830.
2, 5, 983
List the prime factors of 60727.
60727
List 